{"id":17,"date":"2016-11-03T15:19:05","date_gmt":"2016-11-03T15:19:05","guid":{"rendered":"https:\/\/www.diyar68.com\/?page_id=17"},"modified":"2023-10-02T16:29:31","modified_gmt":"2023-10-02T13:29:31","slug":"about-us-style-1","status":"publish","type":"page","link":"https:\/\/www.diyar68.com\/index.php\/about-us-style-1\/","title":{"rendered":"Hakk\u0131m\u0131zda"},"content":{"rendered":"<p>[vc_row full_width=&#8221;stretch_row&#8221; css=&#8221;.vc_custom_1478525086569{background-image: url(https:\/\/www.diyar68.com\/wp-content\/uploads\/2016\/11\/bg-2-copyright.jpg?id=499) !important;background-position: 0 0 !important;background-repeat: no-repeat !important;}&#8221;][vc_column][vc_empty_space height=&#8221;6.6em&#8221; alter_height=&#8221;none&#8221; hide_on_mobile=&#8221;&#8221;]<div  id=\"sc_promo_65706650\" \n\tclass=\"sc_promo sc_promo_default sc_promo_size_small sc_promo_image_position_right\"><div class=\"sc_promo_image\" style=\"background-image:url(https:\/\/www.diyar68.com\/wp-content\/uploads\/2023\/09\/320760160_482454800682311_3188071671779183184_n.jpg);width:50%;right: 0;\"><\/div><div class=\"sc_promo_text\" style=\"width: 50%;float: left;\">\n\t\t\t<div class=\"sc_promo_text_inner\" style=\"\"><h2 class=\"sc_item_title sc_promo_title sc_align_default sc_item_title_style_default\">Diyar 68 Evden Eve Nakliyat Firmas\u0131: Aksaray'\u0131n G\u00fcvencesi<\/h2><div class=\"sc_item_descr sc_promo_descr sc_align_default\">Kuruldu\u011fu g\u00fcnden bu yana, Diyar 68 Nakliyat Firmas\u0131 olarak m\u00fc\u015fterilerimize kaliteli ve g\u00fcvenilir ta\u015f\u0131ma hizmetleri sunman\u0131n gururunu ya\u015f\u0131yoruz. Aksaray'da \u015fehir i\u00e7i ve \u015fehirler aras\u0131 evden eve ta\u015f\u0131mac\u0131l\u0131k, ofis ta\u015f\u0131mac\u0131l\u0131\u011f\u0131 ve depolama alan\u0131nda uzmanla\u015fm\u0131\u015f bir ekip olarak, her ge\u00e7en g\u00fcn m\u00fc\u015fteri memnuniyetini en \u00fcst seviyede tutarak sekt\u00f6rdeki liderli\u011fimizi s\u00fcrd\u00fcrmekteyiz.<\/p>\n<p>Deneyimli ve Profesyonel Ekip<\/p>\n<p>Diyar 68 Nakliyat Firmas\u0131 olarak, ta\u015f\u0131ma i\u015flemlerini ger\u00e7ekle\u015ftiren ekibimizin her bir \u00fcyesi, alan\u0131nda deneyimli ve e\u011fitimli profesyonellerden olu\u015fmaktad\u0131r. Ekip arkada\u015flar\u0131m\u0131z, e\u015fyalar\u0131n\u0131z\u0131n g\u00fcvenli\u011fi ve sorunsuz bir \u015fekilde ta\u015f\u0131nmas\u0131 i\u00e7in en son teknikleri ve ekipmanlar\u0131 kullanarak titizlikle \u00e7al\u0131\u015f\u0131r.<\/p>\n<p>M\u00fc\u015fteri Memnuniyeti Odakl\u0131 Hizmet Anlay\u0131\u015f\u0131<\/p>\n<p>M\u00fc\u015fterilerimizin memnuniyeti, bizim i\u00e7in en \u00f6nemli \u00f6nceliklerden biridir. Ta\u015f\u0131ma s\u00fcrecinin her a\u015famas\u0131nda, m\u00fc\u015fterilerimize sorunsuz ve rahat bir deneyim sunmak i\u00e7in \u00e7aba g\u00f6steriyoruz. Her m\u00fc\u015fterimiz i\u00e7in \u00f6zel \u00e7\u00f6z\u00fcmler \u00fcreterek, ihtiya\u00e7lar\u0131na en uygun hizmeti sunuyoruz.<\/p>\n<p>Modern Ara\u00e7 Filosu<\/p>\n<p>Diyar 68 Nakliyat Firmas\u0131 olarak, ta\u015f\u0131ma i\u015flemlerinde kullan\u0131lan ara\u00e7 ve ekipmanlara b\u00fcy\u00fck \u00f6nem veriyoruz. Modern ve bak\u0131ml\u0131 ara\u00e7 filomuz, e\u015fyalar\u0131n\u0131z\u0131n g\u00fcvenli\u011fi ve konforlu ta\u015f\u0131nmas\u0131 i\u00e7in tasarlanm\u0131\u015ft\u0131r.<\/p>\n<p>\u00c7evreye Duyarl\u0131l\u0131k<\/p>\n<p>\u00c7evreye duyarl\u0131l\u0131k, i\u015fimizin ayr\u0131lmaz bir par\u00e7as\u0131d\u0131r. Ta\u015f\u0131mac\u0131l\u0131k s\u00fcre\u00e7lerimizde \u00e7evresel etkileri en aza indirgemek i\u00e7in s\u00fcrd\u00fcr\u00fclebilir uygulamalar\u0131 benimsemekteyiz.<\/p>\n<p>Siz De\u011ferli M\u00fc\u015fterilerimizle Yol Arkada\u015f\u0131 Olmaktan Mutluluk Duyar\u0131z<\/p>\n<p>Diyar 68 Nakliyat Firmas\u0131 olarak, her daim m\u00fc\u015fterilerimizle birlikte y\u00fcr\u00fcmekten gurur duyuyoruz. Sizlere en iyi hizmeti sunabilmek i\u00e7in buraday\u0131z. E\u015fyalar\u0131n\u0131z\u0131 g\u00fcvenle ta\u015f\u0131mak ve en uygun \u00e7\u00f6z\u00fcmlerle hizmet sunmak i\u00e7in bize ula\u015f\u0131n.<\/p>\n<p>Her t\u00fcrl\u00fc ta\u015f\u0131ma ihtiyac\u0131n\u0131z i\u00e7in Diyar 68 Nakliyat Firmas\u0131, g\u00fcvenilir ve profesyonel bir partner olarak yan\u0131n\u0131zda.<\/div><\/div>\n\t\t<\/div><!-- \/.sc_promo_text --><\/div><!-- \/.sc_promo -->[vc_empty_space height=&#8221;9.4em&#8221; alter_height=&#8221;none&#8221; hide_on_mobile=&#8221;&#8221;][\/vc_column][\/vc_row]<\/p>\n","protected":false},"excerpt":{"rendered":"<p>[vc_row full_width=&#8221;stretch_row&#8221; css=&#8221;.vc_custom_1478525086569{background-image: url(https:\/\/www.diyar68.com\/wp-content\/uploads\/2016\/11\/bg-2-copyright.jpg?id=499) !important;background-position: 0 0 !important;background-repeat: no-repeat !important;}&#8221;][vc_column][vc_empty_space height=&#8221;6.6em&#8221; alter_height=&#8221;none&#8221; hide_on_mobile=&#8221;&#8221;][vc_empty_space height=&#8221;9.4em&#8221; alter_height=&#8221;none&#8221; hide_on_mobile=&#8221;&#8221;][\/vc_column][\/vc_row]<\/p>\n","protected":false},"author":1,"featured_media":0,"parent":0,"menu_order":0,"comment_status":"closed","ping_status":"closed","template":"","meta":{"om_disable_all_campaigns":false,"_monsterinsights_skip_tracking":false,"_monsterinsights_sitenote_active":false,"_monsterinsights_sitenote_note":"","_monsterinsights_sitenote_category":0,"footnotes":""},"class_list":["post-17","page","type-page","status-publish","hentry"],"aioseo_notices":[],"_links":{"self":[{"href":"https:\/\/www.diyar68.com\/index.php\/wp-json\/wp\/v2\/pages\/17","targetHints":{"allow":["GET"]}}],"collection":[{"href":"https:\/\/www.diyar68.com\/index.php\/wp-json\/wp\/v2\/pages"}],"about":[{"href":"https:\/\/www.diyar68.com\/index.php\/wp-json\/wp\/v2\/types\/page"}],"author":[{"embeddable":true,"href":"https:\/\/www.diyar68.com\/index.php\/wp-json\/wp\/v2\/users\/1"}],"replies":[{"embeddable":true,"href":"https:\/\/www.diyar68.com\/index.php\/wp-json\/wp\/v2\/comments?post=17"}],"version-history":[{"count":2,"href":"https:\/\/www.diyar68.com\/index.php\/wp-json\/wp\/v2\/pages\/17\/revisions"}],"predecessor-version":[{"id":1362,"href":"https:\/\/www.diyar68.com\/index.php\/wp-json\/wp\/v2\/pages\/17\/revisions\/1362"}],"wp:attachment":[{"href":"https:\/\/www.diyar68.com\/index.php\/wp-json\/wp\/v2\/media?parent=17"}],"curies":[{"name":"wp","href":"https:\/\/api.w.org\/{rel}","templated":true}]}}